{"id":597,"date":"2018-05-25T14:01:22","date_gmt":"2018-05-25T14:01:22","guid":{"rendered":"http:\/\/wako.si\/test\/?page_id=597"},"modified":"2022-11-25T08:14:09","modified_gmt":"2022-11-25T08:14:09","slug":"home-gym-2","status":"publish","type":"page","link":"https:\/\/wako.si\/test\/","title":{"rendered":"KICKBOXING ZVEZA SLOVENIJE"},"content":{"rendered":"<h4>KICKBOXING ZVEZA SLOVENIJE<gwmw style=\"display:none;\"><\/gwmw><gwmw style=\"display:none;\"><\/gwmw><gwmw style=\"display:none;\"><\/gwmw><\/h4>\n<h6>Obvestilo<\/h6>\n<h3>LICEN\u010cNI TRENERSKI SEMINAR 2022<\/h3>\n<p>Tehni\u010dna komisija Kickboxing zveze Slovenije (KBZS) v nedeljo, 4. 12. 2022, v hotelu Harmonija, Linhartova cesta 33, Menge\u0161, organizira 1.strokovni seminar, ki je namenjen izklju\u010dno vaditeljem in trenerjem, registriranim v KBZS,<a href=\"http:\/\/wako.si\/test\/licencni-trenerski-seminar\" target=\"_blank\" rel=\"noopener\">PREBERI VE\u010c<\/a><!-- \/.sc_action_item_inner --><!-- \/.sc_action -->\t\t<\/p>\n<h6>Tekmovanja<\/h6>\n<h3>EVROPSKO PRVENSTVO V ANTALYI<\/h3>\n<p>Evropsko prvenstvo za \u010dlanice in \u010dlane bo potekalo od soboto, 12. 11. 2022, do sobote, 19. 11.2022.<a href=\"http:\/\/wako.si\/evropsko-prvenstvo-v-antalyi\/\" target=\"_blank\" rel=\"noopener\">OGLEJ SI GALERIJO<\/a><!-- \/.sc_action_item_inner --><\/p>\n<h6>Usposabljanje<\/h6>\n<h3>PROGRAM: \u0160PORTNO TRENIRANJE \u2014 KICKBOKS &#8211; WAKO &#8211; 1. STOPNJA<\/h3>\n<p>Kickboxing zveza Slovenije razpisuje posebni del usposabljanja<a href=\"http:\/\/wako.si\/program-sportno-treniranje-kickboks-wako-1-stopnja\/\" target=\"_blank\" rel=\"noopener\">preberi ve\u010d<\/a><!-- \/.sc_action_item_inner --><\/p>\n<h6>Priprave<\/h6>\n<h3>priprave reprezentance v Olimju<\/h3>\n<p>V Olimju so potekale priprave \u010dlanske reprezentance Slovenije, ki bo nastopala na Evropskem prvenstvu od 12. \u2013 19. novembra v Antalyi v Tur\u010diji. <a href=\"http:\/\/wako.si\/priprave-reprezentance-v-olimju-2\/\" target=\"_blank\" rel=\"noopener\">PREBERI VE\u010c<\/a><!-- \/.sc_action_item_inner --><!-- \/.sc_action --><br \/>\n\t\t\t<a href=\"http:\/\/wako.si\/arhiv-2\/\" target=\"_blank\" role=\"button\" rel=\"noopener\"><br \/>\n\t\t\t\t\t\tVSE NOVICE<gwmw style=\"display:none;\"><\/gwmw><gwmw style=\"display:none;\"><\/gwmw><br \/>\n\t\t\t\t\t<\/a><\/p>\n<blockquote>\n<p>\n\t\t\t\ttvoja Mo\u010d ne pride iz tistega kar obvlada\u0161, ampak iz zmo\u017enosti preMAGATI tisto, kar si nekdaj mislil, da je nepremagljivo.<br \/>\n<gwmw style=\"display:none;\"><\/gwmw><gwmw style=\"display:none;\"><\/gwmw>\t\t\t<\/p>\n<footer>\n\t\t\t\t\t\t\t\t\t\t\t<cite> &#8211; Rikki Rogers<gwmw style=\"display:none;\"><\/gwmw><\/cite><br \/>\n\t\t\t\t\t\t\t\t\t\t\t\t\t\t<\/footer>\n<\/blockquote>\n<p>\t\t\tSeminarji \/ Tekmovanja<\/p>\n<h1>Prijava &#8211; Registracija<\/h1>\n<p><a href=\"https:\/\/kbzs.si\/contest\" target=\"_blank\" rel=\"noopener\">PRIJAVI SE<!-- \/.sc_button_text --><\/a><!-- \/.sc_button --><!-- \/.sc_item_button --><!-- \/.sc_title --><br \/>\n\t\t\tKje smo<\/p>\n<h1>klubi po sloveniji<\/h1>\n<p>37 kickboxing klubov po vsej Sloveniji! Pridru\u017ei se nam \u0161e ti v svojem najbli\u017ejem mestu!<\/p>\n<p><!-- \/.sc_title --><br \/>\n\t\t\t<a href=\"http:\/\/wako.si\/klubi-po-sloveniji\/\" target=\"_blank\" rel=\"noopener\">SEZNAM KLUBOV<!-- \/.sc_button_text --><\/a><!-- \/.sc_button --><!-- \/.sc_item_button --><br \/>\n\t\t\tKaj se bo dogajalo<\/p>\n<h1>PRIHAJAJO\u010cI <br \/> DOGODKI<\/h1>\n<p><!-- \/.sc_title -->\t\t<\/p>\n<figure><img decoding=\"async\" src=\"http:\/\/wako.si\/test\/wp-content\/uploads\/2021\/02\/46480186_2286050528132862_6421035811860381696_o-406x250.jpg\" alt=\"12. 11. 2022 - \u010clansko evropsko prvenstvo\" \/><figcaption>12. 11. 2022 &#8211; \u010clansko evropsko prvenstvo<\/figcaption><\/figure>\n<p>\t\t\t<a href=\"http:\/\/wako.si\/dogodki\/\" target=\"_blank\" rel=\"noopener\">VSI DOGODKI<!-- \/.sc_button_text --><\/a><!-- \/.sc_button --><!-- \/.sc_item_button --><br \/>\n\t\t\tStruktura<\/p>\n<h1>PREDSEDSTVO KBZS<\/h1>\n<p>Spoznaj nas<\/p>\n<p><a href=\"http:\/\/wako.si\/predsedstvo-kbzs\/\" target=\"_blank\" rel=\"noopener\">KDO SMO<!-- \/.sc_button_text --><\/a><!-- \/.sc_button --><!-- \/.sc_item_button --><!-- \/.sc_title --><br \/>\n\t\t\tStruktura<\/p>\n<h1>KOMISIJE IN ODBORI KBZS<\/h1>\n<p><a href=\"http:\/\/wako.si\/komisija-in-nadzorni-odbor\/\" target=\"_blank\" rel=\"noopener\">KDO SMO<!-- \/.sc_button_text --><\/a><!-- \/.sc_button --><!-- \/.sc_item_button --><!-- \/.sc_title --><br \/>\n\t\t\tSocialni kanali<\/p>\n<h1>FACEBOOK | TWITTER<\/h1>\n<p>Sledi nam<\/p>\n<p><!-- \/.sc_title -->\t\t<\/p>\n<h4>SLEDI KBZS<\/h4>\n<p><a target=\"_blank\" href=\"https:\/\/twitter.com\/SLOkbzs\" rel=\"noopener\"><\/a><a target=\"_blank\" href=\"https:\/\/www.facebook.com\/wako.si\" rel=\"noopener\"><\/a><!-- \/.socials_wrap --><!-- \/.sc_socials --><\/p>\n<style type=\"text\/css\">.trx_addons_inline_1360928079{color:#E91010 !important}<\/style>\n<p>\t\t\t\t\t\t\t\t\t\t\t\t\t<a href=\"https:\/\/www.olympic.si\/\"><br \/>\n\t\t\t\t\t\t\t<img decoding=\"async\" width=\"150\" height=\"150\" src=\"http:\/\/wako.si\/test\/wp-content\/uploads\/2021\/01\/logo-1-150x150.png\" alt=\"\" loading=\"lazy\" srcset=\"http:\/\/wako.si\/test\/wp-content\/uploads\/2021\/01\/logo-1-150x150.png 150w, http:\/\/wako.si\/test\/wp-content\/uploads\/2021\/01\/logo-1-90x90.png 90w, http:\/\/wako.si\/test\/wp-content\/uploads\/2021\/01\/logo-1-370x370.png 370w\" sizes=\"(max-width: 150px) 100vw, 150px\" \/>\t\t\t\t\t\t\t\t<\/a><br \/>\n\t\t\t\t\t\t\t\t\t\t\t\t\t<a href=\"https:\/\/www.sloado.si\/\"><br \/>\n\t\t\t\t\t\t\t<img decoding=\"async\" width=\"150\" height=\"150\" src=\"http:\/\/wako.si\/test\/wp-content\/uploads\/2021\/01\/SLOADO-logo-150x150.png\" alt=\"\" loading=\"lazy\" srcset=\"http:\/\/wako.si\/test\/wp-content\/uploads\/2021\/01\/SLOADO-logo-150x150.png 150w, http:\/\/wako.si\/test\/wp-content\/uploads\/2021\/01\/SLOADO-logo-90x90.png 90w, http:\/\/wako.si\/test\/wp-content\/uploads\/2021\/01\/SLOADO-logo-370x370.png 370w\" sizes=\"(max-width: 150px) 100vw, 150px\" \/>\t\t\t\t\t\t\t\t<\/a><br \/>\n\t\t\t\t\t\t\t\t\t\t\t\t\t<a href=\"https:\/\/wako.sport\/\"><br \/>\n\t\t\t\t\t\t\t<img decoding=\"async\" width=\"150\" height=\"150\" src=\"http:\/\/wako.si\/test\/wp-content\/uploads\/2021\/01\/wako-logo-150x150.png\" alt=\"\" loading=\"lazy\" srcset=\"http:\/\/wako.si\/test\/wp-content\/uploads\/2021\/01\/wako-logo-150x150.png 150w, http:\/\/wako.si\/test\/wp-content\/uploads\/2021\/01\/wako-logo-300x300.png 300w, http:\/\/wako.si\/test\/wp-content\/uploads\/2021\/01\/wako-logo-1024x1024.png 1024w, http:\/\/wako.si\/test\/wp-content\/uploads\/2021\/01\/wako-logo-768x768.png 768w, http:\/\/wako.si\/test\/wp-content\/uploads\/2021\/01\/wako-logo-1536x1536.png 1536w, http:\/\/wako.si\/test\/wp-content\/uploads\/2021\/01\/wako-logo-370x370.png 370w, http:\/\/wako.si\/test\/wp-content\/uploads\/2021\/01\/wako-logo-90x90.png 90w, http:\/\/wako.si\/test\/wp-content\/uploads\/2021\/01\/wako-logo-765x765.png 765w, http:\/\/wako.si\/test\/wp-content\/uploads\/2021\/01\/wako-logo.png 1680w\" sizes=\"(max-width: 150px) 100vw, 150px\" \/>\t\t\t\t\t\t\t\t<\/a><br \/>\n\t\t\t\t\t\t\t\t\t\t\t\t\t<a href=\"https:\/\/baradashop.si\/\"><br \/>\n\t\t\t\t\t\t\t<img decoding=\"async\" width=\"150\" height=\"150\" src=\"http:\/\/wako.si\/test\/wp-content\/uploads\/2021\/10\/Ikone-Areas-Circles-Driven-2-150x150.png\" alt=\"\" loading=\"lazy\" srcset=\"http:\/\/wako.si\/test\/wp-content\/uploads\/2021\/10\/Ikone-Areas-Circles-Driven-2-150x150.png 150w, http:\/\/wako.si\/test\/wp-content\/uploads\/2021\/10\/Ikone-Areas-Circles-Driven-2-90x90.png 90w, http:\/\/wako.si\/test\/wp-content\/uploads\/2021\/10\/Ikone-Areas-Circles-Driven-2.png 288w\" sizes=\"(max-width: 150px) 100vw, 150px\" \/>\t\t\t\t\t\t\t\t<\/a><br \/>\n\t\t\t\t\t\t\t\t\t\t\t\t\t<a href=\"http:\/\/www.fundacijazasport.org\/si\/\"><br \/>\n\t\t\t\t\t\t\t<img decoding=\"async\" width=\"300\" height=\"127\" src=\"http:\/\/wako.si\/test\/wp-content\/uploads\/2021\/01\/FZS-logo-300x127.png\" alt=\"\" loading=\"lazy\" srcset=\"http:\/\/wako.si\/test\/wp-content\/uploads\/2021\/01\/FZS-logo-300x127.png 300w, http:\/\/wako.si\/test\/wp-content\/uploads\/2021\/01\/FZS-logo-585x250.png 585w, http:\/\/wako.si\/test\/wp-content\/uploads\/2021\/01\/FZS-logo-370x157.png 370w, http:\/\/wako.si\/test\/wp-content\/uploads\/2021\/01\/FZS-logo.png 591w\" sizes=\"(max-width: 300px) 100vw, 300px\" \/>\t\t\t\t\t\t\t\t<\/a><br \/>\n\t\t\t\t\t\t\t\t\t\t\t\t\t<a href=\"https:\/\/www.gov.si\/drzavni-organi\/ministrstva\/ministrstvo-za-izobrazevanje-znanost-in-sport\/\"><br \/>\n\t\t\t\t\t\t\t<img decoding=\"async\" width=\"768\" height=\"257\" src=\"http:\/\/wako.si\/test\/wp-content\/uploads\/2021\/01\/MIZS-logo-768x257.png\" alt=\"\" loading=\"lazy\" srcset=\"http:\/\/wako.si\/test\/wp-content\/uploads\/2021\/01\/MIZS-logo-768x257.png 768w, http:\/\/wako.si\/test\/wp-content\/uploads\/2021\/01\/MIZS-logo-300x100.png 300w, http:\/\/wako.si\/test\/wp-content\/uploads\/2021\/01\/MIZS-logo-370x124.png 370w, http:\/\/wako.si\/test\/wp-content\/uploads\/2021\/01\/MIZS-logo-765x255.png 765w, http:\/\/wako.si\/test\/wp-content\/uploads\/2021\/01\/MIZS-logo.png 1024w\" sizes=\"(max-width: 768px) 100vw, 768px\" \/>\t\t\t\t\t\t\t\t<\/a><\/p>\n","protected":false},"excerpt":{"rendered":"<p>KICKBOXING ZVEZA SLOVENIJE Obvestilo LICEN\u010cNI TRENERSKI SEMINAR 2022 Tehni\u010dna komisija Kickboxing zveze Slovenije (KBZS) v nedeljo, 4. 12. 2022, v hotelu Harmonija, Linhartova cesta 33, Menge\u0161, organizira 1.strokovni seminar, ki je namenjen izklju\u010dno vaditeljem in trenerjem, registriranim v KBZS,PREBERI VE\u010c Tekmovanja EVROPSKO PRVENSTVO V ANTALYI&hellip;<\/p>\n","protected":false},"author":1,"featured_media":0,"parent":0,"menu_order":0,"comment_status":"closed","ping_status":"closed","template":"elementor_canvas","meta":[],"_links":{"self":[{"href":"https:\/\/wako.si\/test\/wp-json\/wp\/v2\/pages\/597"}],"collection":[{"href":"https:\/\/wako.si\/test\/wp-json\/wp\/v2\/pages"}],"about":[{"href":"https:\/\/wako.si\/test\/wp-json\/wp\/v2\/types\/page"}],"author":[{"embeddable":true,"href":"https:\/\/wako.si\/test\/wp-json\/wp\/v2\/users\/1"}],"replies":[{"embeddable":true,"href":"https:\/\/wako.si\/test\/wp-json\/wp\/v2\/comments?post=597"}],"version-history":[{"count":907,"href":"https:\/\/wako.si\/test\/wp-json\/wp\/v2\/pages\/597\/revisions"}],"predecessor-version":[{"id":7837,"href":"https:\/\/wako.si\/test\/wp-json\/wp\/v2\/pages\/597\/revisions\/7837"}],"wp:attachment":[{"href":"https:\/\/wako.si\/test\/wp-json\/wp\/v2\/media?parent=597"}],"curies":[{"name":"wp","href":"https:\/\/api.w.org\/{rel}","templated":true}]}}